{"id":221,"date":"2024-05-20T07:54:57","date_gmt":"2024-05-20T07:54:57","guid":{"rendered":"https:\/\/demosites.royal-elementor-addons.com\/graphic-nature-v1\/?page_id=10"},"modified":"2024-09-20T07:48:00","modified_gmt":"2024-09-20T07:48:00","slug":"saison_2024","status":"publish","type":"page","link":"https:\/\/ringen-sulzberg.de\/index.php\/saison_2024\/","title":{"rendered":"Saison 2024"},"content":{"rendered":"\t\t<div data-elementor-type=\"wp-page\" data-elementor-id=\"221\" class=\"elementor elementor-221\">\n\t\t\t\t<div class=\"elementor-element elementor-element-cc177e8 e-flex e-con-boxed wpr-sticky-section-no wpr-equal-height-no e-con e-parent\" data-id=\"cc177e8\" data-element_type=\"container\" data-e-type=\"container\" data-settings=\"{&quot;shape_divider_top&quot;:&quot;tilt&quot;}\">\n\t\t\t\t\t<div class=\"e-con-inner\">\n\t\t\t\t<div class=\"elementor-shape elementor-shape-top\" aria-hidden=\"true\" data-negative=\"false\">\n\t\t\t<svg xmlns=\"http:\/\/www.w3.org\/2000\/svg\" viewBox=\"0 0 1000 100\" preserveAspectRatio=\"none\">\n\t<path class=\"elementor-shape-fill\" d=\"M0,6V0h1000v100L0,6z\"\/>\n<\/svg>\t\t<\/div>\n\t\t\t\t<div class=\"elementor-element elementor-element-3ae0b53 elementor-widget elementor-widget-heading\" data-id=\"3ae0b53\" data-element_type=\"widget\" data-e-type=\"widget\" data-widget_type=\"heading.default\">\n\t\t\t\t<div class=\"elementor-widget-container\">\n\t\t\t\t\t<h2 class=\"elementor-heading-title elementor-size-default\">Saison 2024<\/h2>\t\t\t\t<\/div>\n\t\t\t\t<\/div>\n\t\t\t\t\t<\/div>\n\t\t\t\t<\/div>\n\t\t<div class=\"elementor-element elementor-element-c9e4845 e-flex e-con-boxed wpr-particle-no wpr-jarallax-no wpr-parallax-no wpr-sticky-section-no wpr-equal-height-no e-con e-parent\" data-id=\"c9e4845\" data-element_type=\"container\" data-e-type=\"container\">\n\t\t\t\t\t<div class=\"e-con-inner\">\n\t\t\t\t<div class=\"elementor-element elementor-element-9d2fc9c elementor-widget elementor-widget-spacer\" data-id=\"9d2fc9c\" data-element_type=\"widget\" data-e-type=\"widget\" data-widget_type=\"spacer.default\">\n\t\t\t\t<div class=\"elementor-widget-container\">\n\t\t\t\t\t\t\t<div class=\"elementor-spacer\">\n\t\t\t<div class=\"elementor-spacer-inner\"><\/div>\n\t\t<\/div>\n\t\t\t\t\t\t<\/div>\n\t\t\t\t<\/div>\n\t\t\t\t<div class=\"elementor-element elementor-element-1622b9f elementor-widget elementor-widget-heading\" data-id=\"1622b9f\" data-element_type=\"widget\" data-e-type=\"widget\" data-widget_type=\"heading.default\">\n\t\t\t\t<div class=\"elementor-widget-container\">\n\t\t\t\t\t<h2 class=\"elementor-heading-title elementor-size-default\">Unsere K\u00e4mpfe<\/h2>\t\t\t\t<\/div>\n\t\t\t\t<\/div>\n\t\t\t\t<div class=\"elementor-element elementor-element-367f333 elementor-widget elementor-widget-text-editor\" data-id=\"367f333\" data-element_type=\"widget\" data-e-type=\"widget\" data-widget_type=\"text-editor.default\">\n\t\t\t\t<div class=\"elementor-widget-container\">\n\t\t\t\t\t\t\t\t\t<p>Alle K\u00e4mpfe in den Kalender eintragen: <a href=\"https:\/\/ringen-sulzberg.de\/wp-content\/uploads\/2024\/09\/Kalender.ics\">Kalender Download<\/a><\/p>\t\t\t\t\t\t\t\t<\/div>\n\t\t\t\t<\/div>\n\t\t\t\t<div class=\"elementor-element elementor-element-d0d5690 elementor-widget elementor-widget-spacer\" data-id=\"d0d5690\" data-element_type=\"widget\" data-e-type=\"widget\" data-widget_type=\"spacer.default\">\n\t\t\t\t<div class=\"elementor-widget-container\">\n\t\t\t\t\t\t\t<div class=\"elementor-spacer\">\n\t\t\t<div class=\"elementor-spacer-inner\"><\/div>\n\t\t<\/div>\n\t\t\t\t\t\t<\/div>\n\t\t\t\t<\/div>\n\t\t\t\t<div class=\"elementor-element elementor-element-54771bd elementor-widget elementor-widget-html\" data-id=\"54771bd\" data-element_type=\"widget\" data-e-type=\"widget\" data-widget_type=\"html.default\">\n\t\t\t\t<div class=\"elementor-widget-container\">\n\t\t\t\t\t<!DOCTYPE html>\r\n<html lang=\"de\">\r\n<head>\r\n    <meta charset=\"UTF-8\">\r\n    <meta name=\"viewport\" content=\"width=device-width, initial-scale=1.0\">\r\n    <style>\r\n        body {\r\n            font-family: Arial, sans-serif;\r\n            background-color: #f0f0f0;\r\n            margin: 0;\r\n            padding: 20px;\r\n        }\r\n        table {\r\n            width: 100%;\r\n            max-width: 1000px;\r\n            margin: 20px auto;\r\n            border-collapse: collapse;\r\n        }\r\n        th, td {\r\n            padding: 15px;\r\n            text-align: center;\r\n        }\r\n        th {\r\n            background-color: #28a745;\r\n            color: white;\r\n            font-size: 1.2em;\r\n        }\r\n        tr {\r\n            background-color: white;\r\n            border-radius: 10px;\r\n            overflow: hidden;\r\n            margin-bottom: 20px;\r\n        }\r\n        tr.highlight {\r\n            background-color: white;\r\n        }\r\n        a {\r\n            color: #28a745;\r\n            font-weight: bold;\r\n            text-decoration: none;\r\n        }\r\n        a:hover {\r\n            text-decoration: underline;\r\n        }\r\n\r\n        \/* Responsive Styles with Kampftag as Separate Header *\/\r\n        @media (max-width: 768px) {\r\n            table, thead, tbody, th, td, tr {\r\n                display: block;\r\n            }\r\n            thead {\r\n                display: none; \/* Hide the table headers *\/\r\n            }\r\n            .kampftag-header {\r\n                font-size: 1.5em;\r\n                font-weight: bold;\r\n                color: #28a745;\r\n                margin-bottom: 10px;\r\n                text-align: left;\r\n                margin-left: 20px; \/* Left aligned *\/\r\n            }\r\n            tr {\r\n                background-color: white;\r\n                margin-bottom: 20px;\r\n                padding: 20px;\r\n                box-shadow: 0 5px 15px rgba(0, 0, 0, 0.1);\r\n                border-radius: 15px; \/* More rounded corners *\/\r\n            }\r\n            td {\r\n                padding: 10px;\r\n                text-align: left;\r\n                display: block;\r\n                position: relative;\r\n                margin-bottom: 10px;\r\n            }\r\n            td::before {\r\n                content: attr(data-label);\r\n                font-weight: bold;\r\n                color: #28a745;\r\n                margin-bottom: 5px;\r\n                display: block;\r\n            }\r\n            td a {\r\n                color: #28a745;\r\n            }\r\n        }\r\n\r\n        \/* Additional Styling for Desktop and Mobile *\/\r\n        td {\r\n            border: none;\r\n            border-radius: 10px;\r\n            margin: 10px;\r\n            box-shadow: 0 2px 10px rgba(0, 0, 0, 0.05);\r\n        }\r\n    <\/style>\r\n<\/head>\r\n<body>\r\n\r\n    <!-- Kampftag Headers and Table for Each Match -->\r\n    <div class=\"kampftag-header\">Kampftag 2<\/div>\r\n    <table>\r\n        <tbody>\r\n            <tr class=\"highlight\">\r\n                <td data-label=\"Heim\">WKG Diedorf\/Augsburg<\/td>\r\n                <td data-label=\"Gast\">TSV Sulzberg<\/td>\r\n                <td data-label=\"Datum\">21.09.2024<\/td>\r\n                <td data-label=\"Ort\"><a href=\"http:\/\/maps.google.de\/maps?f=q&hl=de&geocode=&q=+Schillstr.+109%2C+86169+Augsburg\">Schillstra\u00dfe 109, Augsburg<\/a><\/td>\r\n            <\/tr>\r\n        <\/tbody>\r\n    <\/table>\r\n\r\n    <div class=\"kampftag-header\">Kampftag 3<\/div>\r\n    <table>\r\n        <tbody>\r\n            <tr>\r\n                <td data-label=\"Heim\">SC Isaria Unterf\u00f6hring II<\/td>\r\n                <td data-label=\"Gast\">TSV Sulzberg<\/td>\r\n                <td data-label=\"Datum\">28.09.2024<\/td>\r\n                <td data-label=\"Ort\"><a href=\"http:\/\/maps.google.de\/maps?f=q&hl=de&geocode=&q=+Jahnstr.+5%2C+85774+Unterf\u00f6hring\">Jahnstr. 5, Unterf\u00f6hring<\/a><\/td>\r\n            <\/tr>\r\n        <\/tbody>\r\n    <\/table>\r\n\r\n    <div class=\"kampftag-header\">Kampftag 4<\/div>\r\n    <table>\r\n        <tbody>\r\n            <tr class=\"highlight\">\r\n                <td data-label=\"Heim\">TSV Sulzberg<\/td>\r\n                <td data-label=\"Gast\">AC Bad Reichenhall<\/td>\r\n                <td data-label=\"Datum\">05.10.2024<\/td>\r\n                <td data-label=\"Ort\"><a href=\"http:\/\/maps.google.de\/maps?f=q&hl=de&geocode=&q=+Schulstr.+15%2C+87477+Sulzberg\">Schulstr. 15, Sulzberg<\/a><\/td>\r\n            <\/tr>\r\n        <\/tbody>\r\n    <\/table>\r\n\r\n    <div class=\"kampftag-header\">Kampftag 5<\/div>\r\n    <table>\r\n        <tbody>\r\n            <tr>\r\n                <td data-label=\"Heim\">TSV 1860 M\u00fcnchen<\/td>\r\n                <td data-label=\"Gast\">TSV Sulzberg<\/td>\r\n                <td data-label=\"Datum\">12.10.2024<\/td>\r\n                <td data-label=\"Ort\"><a href=\"http:\/\/maps.google.de\/maps?f=q&hl=de&geocode=&q=+Auenstra\u00dfe+19%2C+80469+M\u00fcnchen\">Auenstra\u00dfe 19, M\u00fcnchen<\/a><\/td>\r\n            <\/tr>\r\n        <\/tbody>\r\n    <\/table>\r\n\r\n    <div class=\"kampftag-header\">Kampftag 7<\/div>\r\n    <table>\r\n        <tbody>\r\n            <tr class=\"highlight\">\r\n                <td data-label=\"Heim\">TV Geiselh\u00f6ring II<\/td>\r\n                <td data-label=\"Gast\">TSV Sulzberg<\/td>\r\n                <td data-label=\"Datum\">26.10.2024<\/td>\r\n                <td data-label=\"Ort\"><a href=\"http:\/\/maps.google.de\/maps?f=q&hl=de&geocode=&q=+Wittelsbacherstr.+1a%2C+94333+Geiselh\u00f6ring\">Wittelsbacherstr. 1a, Geiselh\u00f6ring<\/a><\/td>\r\n            <\/tr>\r\n        <\/tbody>\r\n    <\/table>\r\n\r\n    <div class=\"kampftag-header\">Kampftag 9<\/div>\r\n    <table>\r\n        <tbody>\r\n            <tr>\r\n                <td data-label=\"Heim\">TSV Sulzberg<\/td>\r\n                <td data-label=\"Gast\">WKG Diedorf\/Augsburg<\/td>\r\n                <td data-label=\"Datum\">09.11.2024<\/td>\r\n                <td data-label=\"Ort\"><a href=\"http:\/\/maps.google.de\/maps?f=q&hl=de&geocode=&q=+Schulstr.+15%2C+87477+Sulzberg\">Schulstr. 15, Sulzberg<\/a><\/td>\r\n            <\/tr>\r\n        <\/tbody>\r\n    <\/table>\r\n\r\n    <div class=\"kampftag-header\">Kampftag 10<\/div>\r\n    <table>\r\n        <tbody>\r\n            <tr class=\"highlight\">\r\n                <td data-label=\"Heim\">TSV Sulzberg<\/td>\r\n                <td data-label=\"Gast\">SC Isaria Unterf\u00f6hring II<\/td>\r\n                <td data-label=\"Datum\">16.11.2024<\/td>\r\n                <td data-label=\"Ort\"><a href=\"http:\/\/maps.google.de\/maps?f=q&hl=de&geocode=&q=+Schulstr.+15%2C+87477+Sulzberg\">Schulstr. 15, Sulzberg<\/a><\/td>\r\n            <\/tr>\r\n        <\/tbody>\r\n    <\/table>\r\n\r\n    <div class=\"kampftag-header\">Kampftag 11<\/div>\r\n    <table>\r\n        <tbody>\r\n            <tr>\r\n                <td data-label=\"Heim\">AC Bad Reichenhall<\/td>\r\n                <td data-label=\"Gast\">TSV Sulzberg<\/td>\r\n                <td data-label=\"Datum\">23.11.2024<\/td>\r\n                <td data-label=\"Ort\"><a href=\"http:\/\/maps.google.de\/maps?f=q&hl=de&geocode=&q=+Schmalschl\u00e4gerstr.+5%2C+83435+Bad+Reichenhall\">Schmalschl\u00e4gerstr. 5, Bad Reichenhall<\/a><\/td>\r\n            <\/tr>\r\n        <\/tbody>\r\n    <\/table>\r\n\r\n    <div class=\"kampftag-header\">Kampftag 12<\/div>\r\n    <table>\r\n        <tbody>\r\n            <tr class=\"highlight\">\r\n                <td data-label=\"Heim\">TSV Sulzberg<\/td>\r\n                <td data-label=\"Gast\">TSV 1860 M\u00fcnchen<\/td>\r\n                <td data-label=\"Datum\">30.11.2024<\/td>\r\n                <td data-label=\"Ort\"><a href=\"http:\/\/maps.google.de\/maps?f=q&hl=de&geocode=&q=+Schulstr.+15%2C+87477+Sulzberg\">Schulstr. 15, Sulzberg<\/a><\/td>\r\n            <\/tr>\r\n        <\/tbody>\r\n    <\/table>\r\n\r\n    <div class=\"kampftag-header\">Kampftag 14<\/div>\r\n    <table>\r\n        <tbody>\r\n            <tr>\r\n                <td data-label=\"Heim\">TSV Sulzberg<\/td>\r\n                <td data-label=\"Gast\">TV Geiselh\u00f6ring II<\/td>\r\n                <td data-label=\"Datum\">14.12.2024<\/td>\r\n                <td data-label=\"Ort\"><a href=\"http:\/\/maps.google.de\/maps?f=q&hl=de&geocode=&q=+Schulstr.+15%2C+87477+Sulzberg\">Schulstr. 15, Sulzberg<\/a><\/td>\r\n            <\/tr>\r\n        <\/tbody>\r\n    <\/table>\r\n\r\n<\/body>\r\n<\/html>\r\n\t\t\t\t<\/div>\n\t\t\t\t<\/div>\n\t\t\t\t\t<\/div>\n\t\t\t\t<\/div>\n\t\t\t\t<\/div>\n\t\t","protected":false},"excerpt":{"rendered":"<p>Saison 2024 Unsere K\u00e4mpfe Alle K\u00e4mpfe in den Kalender eintragen: Kalender Download Kampftag 2 WKG Diedorf\/Augsburg TSV Sulzberg 21.09.2024 Schillstra\u00dfe 109, Augsburg Kampftag 3 SC Isaria Unterf\u00f6hring II TSV Sulzberg 28.09.2024 Jahnstr. 5, Unterf\u00f6hring Kampftag 4 TSV Sulzberg AC Bad Reichenhall 05.10.2024 Schulstr. 15, Sulzberg Kampftag 5 TSV 1860 M\u00fcnchen TSV Sulzberg 12.10.2024 Auenstra\u00dfe 19, M\u00fcnchen Kampftag 7 TV Geiselh\u00f6ring II TSV Sulzberg 26.10.2024 Wittelsbacherstr. 1a, Geiselh\u00f6ring Kampftag 9 TSV Sulzberg WKG Diedorf\/Augsburg 09.11.2024 Schulstr. 15, Sulzberg Kampftag 10 TSV Sulzberg SC Isaria Unterf\u00f6hring II 16.11.2024 Schulstr. 15, Sulzberg Kampftag 11 AC Bad Reichenhall TSV Sulzberg 23.11.2024 Schmalschl\u00e4gerstr. 5, Bad Reichenhall Kampftag 12 TSV Sulzberg TSV 1860 M\u00fcnchen 30.11.2024 Schulstr. 15, Sulzberg Kampftag 14 TSV Sulzberg TV Geiselh\u00f6ring II 14.12.2024 Schulstr. 15, Sulzberg<\/p>\n","protected":false},"author":1,"featured_media":0,"parent":0,"menu_order":0,"comment_status":"closed","ping_status":"closed","template":"elementor_canvas","meta":{"footnotes":""},"class_list":["post-221","page","type-page","status-publish","hentry"],"_links":{"self":[{"href":"https:\/\/ringen-sulzberg.de\/index.php\/wp-json\/wp\/v2\/pages\/221","targetHints":{"allow":["GET"]}}],"collection":[{"href":"https:\/\/ringen-sulzberg.de\/index.php\/wp-json\/wp\/v2\/pages"}],"about":[{"href":"https:\/\/ringen-sulzberg.de\/index.php\/wp-json\/wp\/v2\/types\/page"}],"author":[{"embeddable":true,"href":"https:\/\/ringen-sulzberg.de\/index.php\/wp-json\/wp\/v2\/users\/1"}],"replies":[{"embeddable":true,"href":"https:\/\/ringen-sulzberg.de\/index.php\/wp-json\/wp\/v2\/comments?post=221"}],"version-history":[{"count":40,"href":"https:\/\/ringen-sulzberg.de\/index.php\/wp-json\/wp\/v2\/pages\/221\/revisions"}],"predecessor-version":[{"id":661,"href":"https:\/\/ringen-sulzberg.de\/index.php\/wp-json\/wp\/v2\/pages\/221\/revisions\/661"}],"wp:attachment":[{"href":"https:\/\/ringen-sulzberg.de\/index.php\/wp-json\/wp\/v2\/media?parent=221"}],"curies":[{"name":"wp","href":"https:\/\/api.w.org\/{rel}","templated":true}]}}